alculate the highest common factor of 20 and v.
5
Let i = -2 - -77. What is the highest common factor of 30 and i?
15
Let t = -7 - -13. Calculate the greatest common factor of t and 10.
2
Let w = -89 + 34. Let q be (-4)/(-5)*w/(-2). What is the greatest common factor of q and 33?
11
Suppose 0*u + 133 = u. Let g(v) = -2 - 5*v + 3*v + 5. Let m be g(-8). Calculate the greatest common divisor of m and u.
19
Suppose -8*b + b = -637. Calculate the greatest common divisor of b and 13.
13
Suppose -5*f + 0*f + 65 = 0. What is the greatest common factor of 117 and f?
13
Let d = -15 - -17. Suppose -4*x + x - 5*o + 52 = 0, -d*x + 13 = -o. What is the greatest common divisor of x and 81?
9
Let p = -26 + 71. Suppose 0 = 13*x - 10*x - 6. Let b(j) = 8*j + 2. Let y be b(x). What is the greatest common divisor of y and p?
9
Let r(g) = -g**3 + 4*g**2 + 4*g - 5. Let o be r(5). Let f = o + 14. Calculate the greatest common divisor of f and 6.
2
Suppose 5*s - 40 = -2*x, 3*s - 20 = -8. Suppose -3*u = -3*m + m + 125, 0 = 2*m + 5*u - 165. Calculate the greatest common factor of x and m.
10
Let z be 3 + -2 - 1 - -88. Suppose 2*k = 3*k - 3*q - 23, -3*k + q = -37. What is the highest common factor of z and k?
11
Suppose -v + 72 = 3*v. Let z(s) = 2*s**2 - 28*s + 18. Let q be z(18). What is the greatest common factor of v and q?
18
Suppose 3*u - 7 = b, -2*u - 1 = -2*b - 3. What is the highest common factor of u and 9?
3
Let z(p) = p**2 + 7. Let g be z(9). Calculate the highest common factor of g and 22.
22
Let o = -27 + 45. What is the highest common factor of o and 45?
9
Suppose 5*t = -f - 14, -28 = 2*t + 2*t + 5*f. Let x be (1 - 1/2)*t. Let d = 8 - x. What is the greatest common factor of 9 and d?
9
Let m = -31 - -5. Let z = m + 37. Calculate the highest common divisor of 1 and z.
1
Suppose 0 = w - 0*w + 4*l - 18, -5*l = 5*w - 60. Calculate the greatest common divisor of w and 4.
2
Suppose 34*v - 688 = 332. Suppose 5*u = -3*r + 1653, u + 2*r - 328 = 4*r. What is the greatest common divisor of v and u?
30
Let m be (-1254)/(-14) - (-18)/42. Calculate the greatest common divisor of 30 and m.
30
Let a(r) = r**3 - 2*r**2 + 2*r - 2. Let k be a(3). Let f = k + -6. Let i = f + 0. What is the highest common divisor of 35 and i?
7
Let h = 7 - 5. Suppose -11 = 2*d + 2*c + 3*c, -3*d + 5*c + 21 = 0. What is the highest common factor of d and h?
2
Let s(q) be the second derivative of q**5/20 + q**3/6 + 7*q**2/2 - 3*q. Let l be s(0). Calculate the highest common factor of l and 21.
7
Let o(w) = w**3 + 5*w**2 - w - 12. Let d be o(-4). Calculate the greatest common divisor of 8 and d.
8
Suppose -5*f = -0*f. Suppose f*v - v + 36 = 0. Calculate the highest common divisor of 24 and v.
12
Let q = -7 - -17. What is the greatest common factor of 110 and q?
10
Let b be 8/(-4) + -2 - -25. Calculate the greatest common divisor of 3 and b.
3
Let y = 6 + -4. Suppose y*a - 6 = a. Let t(x) = x**3 - 6*x**2 + 2*x - 3. Let l be t(a). Calculate the greatest common factor of l and 18.
9
Suppose -n - h - 8 = -59, 0 = -4*n + 2*h + 222. Calculate the highest common factor of 6 and n.
6
Let q(r) = 21*r**2 - r. Let u be q(-1). Let p = 2 + 0. What is the greatest common divisor of p and u?
2
Suppose 3*l + 23 = -y, -2*l - 3*l = -3*y - 13. Let v = 6 - y. Let f = 1 + v. Calculate the greatest common divisor of 144 and f.
18
Let v be -2 - (2 + -2) - -40. Calculate the greatest common divisor of v and 95.
19
Let d be -1 + 2 + (1 - -3). Let k(z) = z**2 - 1. Let q be k(-4). Calculate the highest common divisor of q and d.
5
Suppose 5*k + 58 = 4*q - 0, -3*k + 74 = 4*q. Let p = -72 + 276. Suppose -r = r - p. Calculate the highest common divisor of r and q.
17
Suppose r - 224 = -r - 4*p, 2*r + 2*p = 232. What is the highest common factor of r and 15?
15
Let y be 10 + (-7)/(21/6). What is the highest common divisor of y and 32?
8
Let j = -20 - -55. Calculate the greatest common divisor of j and 35.
35
Let s(h) = -55*h**3 + h**2 - h - 2. Let d be s(-1). What is the greatest common factor of 22 and d?
11
Suppose -4*n + 31 = 2*h + n, -5*n - 25 = 0. Calculate the greatest common divisor of 70 and h.
14
Let n be 0/((0 - 0) + -1). Suppose v + 1 - 5 = n. Let i be (1 - v)/((-9)/6). What is the highest common divisor of 8 and i?
2
Let x(m) = -m - 1. Let c be x(2). Let q be 483/9 - 1/c. Calculate the greatest common factor of 18 and q.
18
Let n be ((-60)/15)/(12/(-9)). Let s = -42 + 66. Calculate the highest common factor of s and n.
3
Let k be (-40)/(-16) + 1/(-2). What is the greatest common factor of 6 and k?
2
Let f = -8 + 11. Let d(k) = 2*k**2 - k + 3. Let v be d(f). Calculate the greatest common factor of v and 27.
9
Suppose 4*u - 974 + 50 = 0. Suppose -11*o + 14*o = 63. What is the highest common factor of u and o?
21
Let c = 3 - -7. What is the greatest common divisor of c and 5?
5
Let z be 4 + (3 - (2 - 0)). Suppose -6*d + 90 = 5*b - d, -z*b + 118 = -2*d. Calculate the greatest common divisor of 55 and b.
11
Let k = 23 - 13. Let a(p) = -p - 2. Let m be a(-4). Calculate the greatest common factor of m and k.
2
Let o(k) = -k**2 + 8*k - 6. Let r(a) = -2*a**2 + 3*a**2 + a**3 + 3*a**2 + a. Let m be r(-3). Let f be o(m). Calculate the greatest common factor of f and 6.
6
Let l = 7 - 7. Suppose l = g + g - 2. Calculate the greatest common factor of 7 and g.
1
Suppose -2*q + 2020 = 5*t, 4*t - 792 = 2*t - 4*q. What is the highest common factor of t and 58?
58
Let t(w) = 3*w**2 + 3*w**2 + 0*w**2 + 5*w - 3*w**2. Let v be t(5). Suppose 21 = 2*i + 1. What is the greatest common factor of v and i?
10
Let g = 2 + 0. Suppose -2*k = 4*s, 0*k - 5*k = g*s. Suppose -h - 3*h + 168 = k. Calculate the greatest common factor of h and 28.
14
Suppose -y + 5*k + 7 = 3*k, 5*k = -10. Calculate the highest common factor of 33 and y.
3
Let h(s) be the first derivative of 11*s**3/3 - s**2/2 - s - 3. Let w be h(-1). Let a be 1095/9 + 2/(-3). Calculate the greatest common factor of a and w.
11
Let o = -69 - -9. Let d = -36 - o. What is the highest common factor of 16 and d?
8
Let i be (2/3)/(10/90). Calculate the greatest common divisor of i and 12.
6
Let z(u) = 9*u**2 + u + 2. Let o be z(-2). Suppose 0 = -g - 3*g + o. Let q be (-3)/(-12) + 35/4. What is the greatest common divisor of q and g?
9
Suppose -4*s - 7*s + 110 = 0. Calculate the highest common factor of s and 30.
10
Let g(v) = 2*v. Let l be g(1). Suppose -1 = 3*h - 22. Let j = h - l. Calculate the highest common divisor of j and 15.
5
Let d(v) = v**3 - 5*v**2 + v - 1. Let m = 12 - 7. Let u be d(m). What is the highest common factor of 44 and u?
4
Suppose -27 - 181 = -4*i. Calculate the highest common divisor of i and 78.
26
Suppose -2*v + 3*v = 4. Suppose c + 3*n - 145 = 25, -2*n - 638 = -v*c. What is the greatest common factor of c and 23?
23
Let f = -62 + 104. Calculate the greatest common divisor of f and 6.
6
Let g(r) = 10*r + 5. Let v be g(4). Suppose -3*c = -10 + 1. Suppose -2*w - c*w + 75 = 0. Calculate the greatest common divisor of v and w.
15
Let m = 84 - 12. What is the greatest common divisor of 8 and m?
8
Suppose -u + 0*w - 13 = -2*w, 0 = u - 3*w + 9. Suppose -5*y - 43 = 152. Let f = u - y. What is the highest common factor of f and 108?
18
Let y be (-1)/(-5) + (3 - (-5)/(-25)). Calculate the highest common factor of 27 and y.
3
Suppose -3*n + 20 + 7 = 0. What is the highest common factor of n and 45?
9
Let t(c) = c**2 + 5*c - 8. Let q be t(-6). Let w be 32/6*3/q. Let l be (w/6)/(2/(-9)). Calculate the highest common factor of 42 and l.
6
Let u be 4/18 - 4341/(-27). What is the greatest common factor of u and 23?
23
Suppose -a + 41 = -q, 6 + 14 = -5*q. What is the highest common factor of 185 and a?
37
Let d(u) = u**2 - u + 24. Let l be d(0). Let w(v) = -2*v**2 + 6 - 5*v**3 - 1 + 3*v - v**3 - 3. Let a be w(-2). Calculate the greatest common factor of l and a.
12
Suppose -y = 2*f - 23, -5*f = 5*y - 70 - 0. Suppose -3*z + 168 = -21. Calculate the highest common factor of f and z.
9
Let l be ((-3)/6)/(2/(-4)). Let q = -1 + l. Suppose 0*m + 4*m - 8 = q. What is the highest common divisor of m and 6?
2
Let k(a) = 329*a**3 + 3*a - 2. Let s be k(1). What is the highest common divisor of 30 and s?
30
Suppose -r + 0*r - 9 = -4*u, 3*u = 6. Let m be (1 - r)*(-5)/(-2). Calculate the greates